Suppose -p + 228 = 3*r - 2869, -r - p + 1035 = l. What is the tens digit of r?
3
Let q(f) = f**3 - 7*f**2 - 8*f - 2. Let w be q(8). Let g be 18/(0/4 - w). What is the units digit of -1 + 27 + g + -6?
9
Let d(y) = 2*y**2 - 40*y + 27970. What is the ten thousands digit of d(0)?
2
Suppose -3*l + 4*t = -64699, 0*t + 2*t - 10 = 0. Let p be l/39 + 14/(-91). Suppose -5*q + p = 2*q. What is the tens digit of q?
7
Let p(s) = 47*s**3 - s**2 - 12*s + 15. What is the tens digit of p(5)?
0
Let b(n) = -2662*n - 166. What is the tens digit of b(-8)?
3
Let v(a) = a**3 - 22*a**2 - 23*a + 2. Let u be v(23). Suppose -l + 341 = u*z, 4*l + 519 + 169 = 4*z. What is the hundreds digit of z?
1
Let g be (12/(-18))/((-4)/18). Let p be (g/5)/(16/160). What is the tens digit of -3*(-70)/p + -4?
3
Suppose 0 = 3*f + 4*f - 21. Suppose 2*r = f*o + 10, -o = r + r - 2. Suppose -2*i + 1 + 3 = 3*z, r*i = -8. What is the units digit of z?
4
Suppose -24*y + 253885 + 345110 + 318813 = 0. What is the hundreds digit of y?
2
Let x(k) = 400*k**2 + 65*k - 318. What is the hundreds digit of x(5)?
0
Let f be ((-28)/6)/(1 - 14/21). Let b(c) = -c**2 - 23*c + 112. What is the tens digit of b(f)?
3
Let w = -7516 - -14719. What is the hundreds digit of w?
2
Let j(l) = l**2 + 32*l - 102. Let s be j(-44). Let x = -66 + s. What is the units digit of x?
0
Let s(c) = 161*c**2 + 29*c + 149. What is the thousands digit of s(-6)?
5
Suppose -2*w = -15 + 3. Let n(q) = -325*q**3 + 5*q + 4. Let s be n(-1). Suppose 12*c - w*c = s. What is the tens digit of c?
5
Let x(n) = -n + 12. Let j be x(0). Let i be 21196/40 + 2/20. Suppose -7*o - i = -j*o. What is the tens digit of o?
0
Let j = 14635 - 3108. What is the hundreds digit of j?
5
Let q be 4/((7/(-16))/(-7)). Suppose -7*v - 230 = -2*v. Let p = q + v. What is the tens digit of p?
1
Let z(o) = -o**3 + o**2 - 5*o - 35. Let i be z(-5). Suppose y - i = 51. What is the tens digit of y?
9
Let z be (-1 + 2 - -591) + (-1)/(-1). Suppose w - 5*d = z, 6*d - d - 25 = 0. Suppose 5*p = -10, 0*p + p - w = -5*o. What is the hundreds digit of o?
1
Suppose 62*d = -69*d + 1246596. What is the tens digit of d?
1
Let m be 6/33 + (-2)/11. Suppose -114*o + 89*o + 30475 = m. What is the units digit of o?
9
Let s = 38 + 33. Suppose -7 = 8*x - s. Suppose -x*b = -3 - 5. What is the units digit of b?
1
Let c(t) be the first derivative of -92*t**2 + 102*t + 161. What is the units digit of c(-5)?
2
Suppose 5*q - 188046 = 3*i, 0 = -152*q + 150*q + i + 75217. What is the hundreds digit of q?
6
Let k(l) = l**3 + 59*l**2 - 183*l + 188. Let j be k(-62). Let u(y) = 32*y**2 + 0*y**2 - 2*y + 0*y. What is the units digit of u(j)?
4
Suppose 5*q = -4*i - 10, -7*q + 8*q = -5*i - 2. What is the units digit of -28*(i + 1 + -9)?
4
Let c = -773 + 8497. What is the hundreds digit of c?
7
Let k = -28 - -101. Suppose j + s - k = 6*s, 157 = 2*j + s. What is the units digit of j?
8
Suppose -31*f + 230410 = -245141 - 15427. What is the ten thousands digit of f?
1
What is the hundreds digit of (-79182)/(-90) + (-4 - 2)/(-30)?
8
Let a(w) = 8*w + 1. Let r(b) = 101*b - 58. Let l(v) = 44*a(v) - 4*r(v). What is the tens digit of l(-13)?
5
Suppose 0 = 2*u - 0*u + 4*z - 1190, -z = -1. Let q = 691 + -1003. Let s = u + q. What is the units digit of s?
1
Let y be -2*(-15)/(-18)*-3. Suppose 0 = -4*b + 3*l + 2, y*b + l - 6*l = 0. Suppose 0 = -4*h - 5*x + 575, x - 3*x = b*h - 288. What is the tens digit of h?
4
What is the hundreds digit of 12694*(39/(-6))/(-13)?
3
Let u(l) = 12*l**2 - 7*l + 36. Let j(v) = v**3 - 4*v**2 + 4*v - 11. Let n be j(4). What is the tens digit of u(n)?
0
Suppose 4*j - 2*c + 642 = -0*c, 3*c = 15. Let s = j - -354. What is the tens digit of s?
9
Suppose 3*w - 5 + 14 = 0. Let j be (-2)/((12/(-8))/w). What is the tens digit of 84/(-15)*50/j?
7
Suppose -12*a = 7*a - 25593. Suppose 2*g + 3*q = 1537, -4*q - a = -4*g + 1717. What is the hundreds digit of g?
7
Let b(o) = o**2 + 1. Let n be b(-1). Suppose -x + 2*v + 5 = 6*v, -5*v = x - 4. Suppose -q + x = -n. What is the units digit of q?
1
What is the tens digit of ((-82157)/2)/(-1) + -49 + (-1584)/(-32)?
7
Let i be 294/18 + -3*2/18. Suppose -6307 = -r - i*r. What is the hundreds digit of r?
3
What is the hundreds digit of (15359624/(-628))/((-2)/(-8)*(-3 + 1))?
9
Let r(w) be the second derivative of 9*w**3/2 - 15*w**2 + 12*w. Let s be r(6). Let b = 200 - s. What is the units digit of b?
8
Suppose 6*j - 7 = 23. Let y(l) = l**2 - 7*l + 13. Let s be y(j). What is the units digit of (2/s)/(-4*5/(-30))?
1
Let k = -438 + 623. Suppose k = -3*i + 1112. What is the tens digit of i?
0
Let y(u) = 8*u**2 - 58*u + 5. Let b be y(9). Let x = 231 - b. What is the hundreds digit of x?
1
Let u(z) = -z**3 + 13*z**2 + 14*z + 22. Let i be u(14). Let s = -17 + i. Let h(j) = j**2 - 2*j - 5. What is the units digit of h(s)?
0
Let p be (286/3)/((-16)/(-24)). Let n = 286 - p. What is the units digit of n?
3
Let p(i) = 2*i**3 + 13*i**2 - i - 47. Let b be p(-6). Let w(r) = -151*r - 4. What is the hundreds digit of w(b)?
7
Let x = 20655 - -18037. What is the tens digit of x?
9
Let f(s) = 1436*s**2 + 87*s - 262. What is the hundreds digit of f(3)?
9
Let k be (1/8*-386)/(8/(-32)). Let q = k - -177. What is the tens digit of q?
7
Let b be ((-2)/1)/((-16)/(-8800)). What is the tens digit of b/8*(36/(-5) - -4)?
4
Let f = -108 + 457. Let d = f - 130. Let w = -116 + d. What is the tens digit of w?
0
Let d(g) = 6*g**2 - 3*g - 6. Suppose 5*x + 3 - 3 = 0. Suppose -2*k - 2 = x, 3*h + 2*k = 6*k + 13. What is the tens digit of d(h)?
3
What is the hundreds digit of (-195690)/(-21) + -2 - (14 + 2626/(-182))?
3
Let f be 4/(-30) - 861/(-45). Suppose -f*l = -13*l - 2256. What is the hundreds digit of l?
3
Suppose -354 + 130 = -8*g. Suppose 30*r = g*r + 10. What is the units digit of (137 - 1) + (3 - r)?
4
Let u(y) = -6*y**2 + 21*y - 26. Let z be u(7). Let j = 669 + z. What is the units digit of j?
6
Let r = 82 + -120. Let m be (19/r)/((-2)/8). Let b(t) = 11*t**3 - 6*t**2 + 9*t - 5. What is the tens digit of b(m)?
7
Suppose -22*v = -15*v - 14. Suppose 4*y - v*y - 571 = -q, -q + 1 = 0. What is the tens digit of y?
8
Let k(q) = 8*q**3 + 2*q**2 + 35*q - 252. What is the hundreds digit of k(13)?
1
Let a be -5 - ((6 - 942) + 2). Suppose -j + 78 = 2*m - 163, m - a = -4*j. What is the hundreds digit of j?
2
Let h be (-12)/(-5)*2340/72. Suppose 0 = -x + 516 + h. What is the tens digit of x?
9
Let k(n) = -36709*n**3 - 9*n**2 - 1. What is the ten thousands digit of k(-1)?
3
Let a be 28*((-96)/28)/(-2). What is the tens digit of (688/3)/(32/a)?
4
Let d(y) = y**3 + 23*y**2 + 22*y + 2. Let q be d(-22). Suppose 4 = -3*x - 4*u, 5*u + 5 = -q*x - 0*x. What is the tens digit of ((-6)/4 + x)/((-1)/82)?
2
Suppose t = 60 - 92. Let q be (t/96)/((-1)/1452). Suppose -3*u - 4*o = -439, 3*u + o = 6*o + q. What is the units digit of u?
3
What is the units digit of 40461*1*(-29)/(-58)*(-6)/(-9)?
7
Suppose 11*i - 5112 = 2*i. Suppose -2*j + 0*b = 5*b - 1148, j + b = i. What is the hundreds digit of j?
5
Suppose 4*r = -4942 + 1038. Let z = -445 - r. What is the hundreds digit of z?
5
Suppose -323 = 50*u - 51*u. Let v = u - 242. What is the tens digit of v?
8
Let l = 302 + -294. Suppose b = 5*x - 3832, 3*b = l*b + 10. What is the tens digit of x?
6
Let g be (-4)/16 + 692/16 - 3. What is the hundreds digit of (549/5)/(8/g) - -2?
5
Suppose -5*n - 69 = -8*n. Suppose n*b - 1561 - 1107 = 0. What is the units digit of b?
6
Let y = -14 - -15. Suppose -5 + y = -2*k. Suppose -26 = k*b - 4*v - 140, -3*b = 4*v - 191. What is the units digit of b?
1
Suppose -4*t = -2*d - 866, 1080 = 2*t + 3*t - 5*d. Suppose -9*n = -1079 - t. What is the tens digit of n?
4
Suppose c = 5*v - 3*v + 2, -2*c = 5*v - 4. Let z(g) = 46*g + 15. What is the tens digit of z(c)?
0
Suppose 30*y - 13498 - 110162 = 0. What is the tens digit of y?
2
Let k(t) = 8*t - 67. Let y be k(9). What is the units digit of 426 - y - 5/15*-3?
2
Suppose 0 = 5*d + 2*z + 397, 5*d - 5*z + 158 = -267. Let f = -38 - d. Let r = 4 + f. What is the units digit of r?
7
Let b(a) = -a**3 + 40*a**2 - 30*a + 19. What is the hundreds digit of b(13)?
1
What is the units digit of ((-23)/69)/((-2)/62154)?
9
Let v = 721 - 273. Suppose x - 4*w = -x + v, 903 = 4*x - w. What is the units digit of x?
6
Sup